 l**3 + 5*l**2 - 6*l + 5. Let t(g) = 2*g**3 - 14*g**2 - g + 2. Let b be t(7). What are the prime factors of a(b)?
5, 7
Let b(z) = -7*z + 60. Let x be b(10). What are the prime factors of 501*((-4)/x - (-3)/(-45))?
167
Suppose 5*f + 69 = 3*k, -2*f + 0*k - 5*k - 40 = 0. Let o = f + 65. List the prime factors of o.
2, 5
Suppose 24*t - 1755 = -3*t. List the prime factors of t.
5, 13
Suppose -3*b = -2*b - 142. Let y = -90 + b. What are the prime factors of y?
2, 13
Let m(g) = -39*g + 166. List the prime factors of m(-11).
5, 7, 17
Let j = -2729 - -4010. What are the prime factors of j?
3, 7, 61
Let j = -1048 - -1744. Suppose j = -7*p + 15*p. List the prime factors of p.
3, 29
Let m = 2047 + 369. What are the prime factors of m?
2, 151
Let f = -87 + 82. What are the prime factors of (4*41)/(6 + f)?
2, 41
Let a(t) = 7*t + 9. Let i be a(-6). Let b = i - -101. List the prime factors of b.
2, 17
Let b = -41 + 81. Let c be 1*b*(-6)/(-4). Suppose -y = 4*y - c. List the prime factors of y.
2, 3
Suppose 1995 = o - 4*v, 3*o - 1434 - 4551 = 5*v. List the prime factors of o.
3, 5, 7, 19
Let f(z) = 802*z - 77. List the prime factors of f(5).
3, 19, 23
Suppose 0 = -3*a + 2*a + 7. Suppose 0 = -5*o - 4*h, a*o = 2*o - h. Suppose -3*c + 14 = q, o*q + 4*q - c - 4 = 0. List the prime factors of q.
2
Suppose 0 = 5*r - 562 - 23. Suppose 726 = 7*w + r. What are the prime factors of w?
3, 29
Suppose 0 = 2*q + r - 89, 3*q - r - 114 = 4*r. Let k = q - 28. List the prime factors of k.
3, 5
Let r = -22 + 20. Let i be (-1)/(3/r - -1). Suppose -5*h + 241 + 58 = -4*j, -2*h = -i*j - 120. What are the prime factors of h?
59
Suppose 0 = 3*g - 3, 50 - 159 = -5*x - 4*g. Let t be (-6)/x + 46/14. Suppose t*f - v - 107 = 0, 3*f - v = 2*f + 39. List the prime factors of f.
2, 17
Let d(v) = -6*v + 2. Let r(o) = -o**3 + 11*o**2 - 9*o - 8. Let l be r(10). Let x be d(l). Let k(a) = -a**2 - 13*a - 4. List the prime factors of k(x).
2, 13
Suppose a - 17 = 5*u, -2*a = -u - 3 - 4. Suppose -a*k = -2*l + 232, 0*k - 242 = -2*l + 4*k. Let g = 159 - l. What are the prime factors of g?
2, 3
Suppose -70 = -5*h + 7*t - 9*t, -5*h + 70 = 3*t. Suppose 0*i - 29 = -m - 4*i, -i + 14 = m. Suppose h*c - 90 = m*c. What are the prime factors of c?
2, 3
Let u = -86 + 255. Suppose -4*j = -d + 166, -3*j + 8 = -d + u. List the prime factors of d.
2, 73
Suppose j = -3*b + 328 - 71, 2*j = -5*b + 427. What are the prime factors of b?
3, 29
Let z = -60 - -116. Suppose -2*b = -42 - z. What are the prime factors of b?
7
Let c = -73 + 851. What are the prime factors of c?
2, 389
Suppose 43 = 11*t - 122. Suppose 4*l + t - 659 = 0. List the prime factors of l.
7, 23
Let j be (-324)/(-15) + -1 + (-6)/(-15). Suppose -700 = -j*f + 16*f. List the prime factors of f.
2, 5, 7
Suppose 5*t + 2 = -4*c - 2, -2*t = 8. Let f = 10 - c. List the prime factors of f.
2, 3
Let v = -2584 + 4048. List the prime factors of v.
2, 3, 61
Let j = 8 - -12. Suppose 24*h + 65 = 305. Suppose 0 = 5*y - h - j. List the prime factors of y.
2, 3
Let m = 4 + -1. Suppose 12 = m*y, 5*z + 38 = y + y. What are the prime factors of (-6)/((z/(-15))/(-1))?
3, 5
Let l(k) be the second derivative of 7*k**4/12 - 7*k**3/6 + 7*k**2/2 + 8*k. What are the prime factors of l(5)?
3, 7
Let v(c) = 2*c**3 - 12*c**2 + 11*c - 2. Let r be v(5). Suppose -r*g + 7*g - 484 = 0. List the prime factors of g.
11
Let j = -5316 + 10926. List the prime factors of j.
2, 3, 5, 11, 17
Let r = -54 - -28. Let j = 21 - r. List the prime factors of j.
47
List the prime factors of 0 + (-5 - -6) + 49.
2, 5
List the prime factors of 8 + 982 + (5 - 12).
983
Suppose 2*r = 5*h + 11, h - 13 = -3*r + 5*h. Let u be 0/(-3) + (1 - r). List the prime factors of u/(-4*(-4)/(-24)).
3
Suppose y = -0*y - 4*j - 7, 5*j = 2*y - 25. List the prime factors of y.
5
Let l = 67 + -67. Suppose -2*h + 0*h + 106 = l. What are the prime factors of h?
53
Suppose -43*m = -m - 23478. List the prime factors of m.
13, 43
Let p = 47 - 14. What are the prime factors of p?
3, 11
Let m be -2 - (2 - (3 + 13)). Suppose m*y = 9*y + 138. List the prime factors of y.
2, 23
Let v be 3 - 41/13 - 31245/(-39). Suppose -4*b - 57 = -v. List the prime factors of b.
2, 3, 31
Suppose 4*c = 4*n - 784, n + 4*c - 164 - 57 = 0. List the prime factors of n.
3, 67
Let v(o) be the first derivative of o**4/4 - 3*o**2 - 4*o - 48. Let d = 5 + -1. List the prime factors of v(d).
2, 3
Let l(q) = -q**3 - q + 36. Let z(i) = 2*i. Let g be z(0). List the prime factors of l(g).
2, 3
Let h(y) = -y + 1. Let m(c) = 9. Let a(u) = h(u) - m(u). Let z be a(-11). Suppose -z*n + 62 = -5*r + 5, 0 = 3*n + 2*r - 57. List the prime factors of n.
19
Suppose 39*r - 15*r - 5472 = 0. What are the prime factors of r?
2, 3, 19
Let s be (0/1)/(-1 - 0). List the prime factors of s - (625/(-7) + (-32)/(-112)).
89
Let v = -342 - -440. List the prime factors of v.
2, 7
Let f = 54 - -730. Suppose -t - d = -160, -t + 3*d = 4*t - f. What are the prime factors of t?
2, 79
Suppose 0*y + 3*k = 2*y - 8, 24 = -4*y - 4*k. Let p(z) = -3*z + 0*z + z - 4*z - 2. What are the prime factors of p(y)?
2, 5
Let p(c) = -c + 2. Let k be p(-3). Let x be (6/33 - 8/44)/1. Suppose x*t = k*t - 85. List the prime factors of t.
17
What are the prime factors of 23368/28 + (-36)/63?
2, 3, 139
Suppose -j + 2*j = 0. Let n(y) be the third derivative of y**6/120 - y**5/60 + y**4/24 + 29*y**3/6 - 2*y**2. What are the prime factors of n(j)?
29
Suppose 5*a - 16757 = o, 10 = 5*o + 20. List the prime factors of a.
3, 1117
Suppose -9 = t - 35. Suppose -10 = -5*x, -t = 2*o + x + 2*x. What are the prime factors of (18*o/(-6))/1?
2, 3
Suppose -3*z = 4*w - 9, -3*w + 5*w - 27 = 3*z. Let h = -1 + w. Suppose -2*x - 171 = -h*x. List the prime factors of x.
3, 19
Let p be (-1 - -2)/(2 - 3). Let y(u) = 10*u**2 - 2*u - 2. Let r be y(p). What are the prime factors of r/6*24/20?
2
List the prime factors of -1*(-103 + 2)*(-3 + 4).
101
Suppose -w + 2 = -b, -4*b + 3*w = -3 + 15. Let p be (-2)/3 - (-44)/b. Let m = p + 45. What are the prime factors of m?
37
Let q(a) = 10*a**3 - 4*a**2 + 6*a - 3. Let t be (-3 - -7)/(0 + -2 + 4). List the prime factors of q(t).
73
Suppose 926 = 2*p + 3*i, 0 = -2*p - 2*i + 1209 - 279. What are the prime factors of p?
7, 67
Let m = 813 - 298. List the prime factors of m.
5, 103
Suppose -15*p + 5173 - 1393 = 0. List the prime factors of p.
2, 3, 7
Let l = -7088 - -9988. List the prime factors of l.
2, 5, 29
Let l = -6712 + 12866. List the prime factors of l.
2, 17, 181
Let n = -72 - -73. What are the prime factors of 1/n + 2 + 197/1?
2, 5
What are the prime factors of 1327/(-11 + 3 - -9)?
1327
Let m be ((-14)/(-6) - 3 - -2)*6. Suppose -m*q + 552 = -16. List the prime factors of q.
71
Suppose 8 = -7*y + 3*y. Let g be -73*(y - 2 - -2). Suppose -g = -5*p - 31. What are the prime factors of p?
23
Let n be (-2*(1 - 5))/2. Suppose 50 = a - 55. Suppose z - a = -n*z. List the prime factors of z.
3, 7
Let y = -2 - -6. Suppose -2*o = 5*n + y, -o + 2*o = -2. Suppose -5*m - 4*t = -m - 4, 2*m - 3*t - 12 = n. What are the prime factors of m?
3
Let y = 1352 + -576. What are the prime factors of y?
2, 97
Let n(w) = 3 - 8 + w**2 + 0*w**2 + w + 9*w. Let h be n(-9). Let k = -7 - h. List the prime factors of k.
7
Let h(b) be the first derivative of -5*b**2/2 - 4*b - 8. What are the prime factors of h(-10)?
2, 23
Let d(f) = -4*f**3 - f**2 - 5*f - 56. What are the prime factors of d(-6)?
2, 401
Suppose 4*n = 4*w + 191 - 39, 5*n = 3*w + 186. Suppose 2*v - n = -2*v. Suppose 4*y - 81 - v = 3*j, -8 = 4*j. What are the prime factors of y?
3, 7
Let b(m) = -m**3 + 12*m**2 + 29*m - 9. Let u be b(14). What are the prime factors of (0 - (-7 + u)) + 16?
2, 3
Suppose 3*q + a - 1253 = -183, -5*q + 4*a = -1789. What are the prime factors of q?
3, 7, 17
Suppose 5*g - 450 - 845 = 0. List the prime factors of g.
7, 37
Let j(s) = -9*s - 3. Suppose 2*c = -3*v + 4*c + 23, 3*c = 3*v - 27. Suppose -b = v*p + 15, -2*b - 2*b = -4*p - 12. What are the prime factors of j(p)?
2, 3
Let r = 127 - 75. Suppose -2*p = -4*a - r, 8*p + a = 7*p + 41. List the prime factors of p.
2, 3
Let r(y) = -y**2 + 7*y - 9. Let u be r(6). Suppose 4*n = 2*n - 2. What are the prime factors of (-1)/n - 21/u?
2
Let t be (-6)/9*(-45)/(-10). Let z(h) = 4*h + 1. Let o be z(t). What a